{"id":3,"date":"2019-03-11T13:16:46","date_gmt":"2019-03-11T13:16:46","guid":{"rendered":"https:\/\/ak-agueda.pt\/?page_id=3"},"modified":"2019-04-12T16:49:33","modified_gmt":"2019-04-12T16:49:33","slug":"politica-privacidade","status":"publish","type":"page","link":"https:\/\/ak-agueda.pt\/karate\/politica-privacidade\/","title":{"rendered":"Pol\u00edtica de privacidade"},"content":{"rendered":"\r\n<h2 class=\"wp-block-heading\">Quem somos<\/h2>\r\n\r\n\r\n\r\n<p>O endere\u00e7o do nosso site \u00e9: https:\/\/ak-agueda.pt<\/p>\r\n\r\n\r\n\r\n<h2 class=\"wp-block-heading\">Que dados pessoais s\u00e3o recolhidos e como s\u00e3o recolhidos<\/h2>\r\n\r\n\r\n\r\n<h3 class=\"wp-block-heading\">Coment\u00e1rios<\/h3>\r\n\r\n\r\n\r\n<p>Quando os visitantes deixam coment\u00e1rios no site, s\u00e3o guardados os dados presentes no formul\u00e1rio dos coment\u00e1rios, bem como o endere\u00e7o de IP e o agente do utilizador do navegador, para ajudar com a detec\u00e7\u00e3o de spam.<\/p>\r\n\r\n\r\n\r\n<p>Uma string an\u00f3nima criada a partir do seu endere\u00e7o de email (tamb\u00e9m designada por hash) pode ser enviada para o servi\u00e7o Gravatar para verificar se o est\u00e1 a utilizar. A pol\u00edtica de privacidade do servi\u00e7o Gravatar est\u00e1 dispon\u00edvel aqui: https:\/\/automattic.com\/privacy\/. Depois do seu coment\u00e1rio ser aprovado, a fotografia do ser perfil fica vis\u00edvel para o p\u00fablico no contexto do seu coment\u00e1rio.<\/p>\r\n\r\n\r\n\r\n<h3 class=\"wp-block-heading\">Multim\u00e9dia<\/h3>\r\n\r\n\r\n\r\n<p>Ao carregar imagens para o site, deve evitar carregar imagens com dados incorporados de geolocaliza\u00e7\u00e3o (EXIF GPS). Os visitantes podem descarregar e extrair os dados de geolocaliza\u00e7\u00e3o das imagens do site.<\/p>\r\n\r\n\r\n\r\n<h3 class=\"wp-block-heading\">Formul\u00e1rios de contacto<\/h3>\r\n<p>O nosso formul\u00e1rio de contacto poder\u00e1 guardar os dados que nele insira com o objectivo de nos transmitir de forma completa esse contacto.<\/p>\r\n\r\n\r\n\r\n<h3 class=\"wp-block-heading\">Cookies<\/h3>\r\n\r\n\r\n\r\n<p>Se deixar um coment\u00e1rio no nosso site pode optar por guardar o seu nome, endere\u00e7o de email e site nos cookies. Isto \u00e9 para sua conveni\u00eancia para n\u00e3o ter de preencher novamente os seus dados quando deixar outro coment\u00e1rio. Estes cookies durar\u00e3o um ano.<\/p>\r\n\r\n\r\n\r\n<p>Se tem uma conta e iniciar sess\u00e3o neste site, ser\u00e1 configurado um cookie tempor\u00e1rio para determinar se o seu navegador aceita cookies. Este cookie n\u00e3o cont\u00e9m dados pessoais e ser\u00e1 eliminado ao fechar o seu navegador.<\/p>\r\n\r\n\r\n\r\n<p>Ao iniciar a sess\u00e3o, ser\u00e3o configurados alguns cookies para guardar a sua informa\u00e7\u00e3o de sess\u00e3o e as suas escolhas de visualiza\u00e7\u00e3o de ecr\u00e3. Os cookies de in\u00edcio de sess\u00e3o duram um ano. Se seleccionar &#8220;Lembrar-me&#8221;, a sua sess\u00e3o ir\u00e1 persistir durante duas semanas. Ao terminar a sess\u00e3o, os cookies de inicio de sess\u00e3o ser\u00e3o removidos.<\/p>\r\n\r\n\r\n\r\n<p>Se editar ou publicar um artigo, ser\u00e1 guardado no seu navegador um cookie adicional. Este cookie n\u00e3o inclui dados pessoais apenas indica o ID de conte\u00fado do artigo que acabou de editar. Expira ao fim de 1 dia.<\/p>\r\n\r\n\r\n\r\n<h3 class=\"wp-block-heading\">Conte\u00fado incorporado de outros sites<\/h3>\r\n\r\n\r\n\r\n<p>Os artigos neste site podem incluir conte\u00fado incorporado (por exemplo: v\u00eddeos, imagens, artigos, etc.). O conte\u00fado incorporado de outros sites comporta-se tal como se o utilizador visitasse esses sites.<\/p>\r\n\r\n\r\n\r\n<p>Este site pode recolher dados sobre si, usar cookies, incorporar rastreio feito por terceiros, monitorizar as suas interac\u00e7\u00f5es com o mesmo, incluindo registar as interac\u00e7\u00f5es com conte\u00fado incorporado se tiver uma conta e estiver com sess\u00e3o iniciada nesse site.<\/p>\r\n\r\n\r\n\r\n\r\n\r\n<h2 class=\"wp-block-heading\">Com quem s\u00e3o partilhados os seus dados<\/h2>\r\n<p>A partilha de dados est\u00e1 limitada ao m\u00ednimo essencial para cumprir os servi\u00e7os do site, de acordo com as restantes indica\u00e7\u00f5es deste documento.<\/p>\r\n\r\n\r\n\r\n<h2 class=\"wp-block-heading\">Por quanto tempo s\u00e3o retidos os seus dados<\/h2>\r\n\r\n\r\n\r\n<p>Se deixar um coment\u00e1rio, o coment\u00e1rio e os seus metadados s\u00e3o guardados indefinidamente. Isto acontece de modo a ser poss\u00edvel reconhecer e aprovar automaticamente quaisquer coment\u00e1rios seguintes, em vez de os colocar numa fila de modera\u00e7\u00e3o.<\/p>\r\n\r\n\r\n\r\n<p>Para utilizadores que se registem no nosso site (se algum), guardamos a informa\u00e7\u00e3o pessoal fornecida no seu perfil de utilizador. Todos os utilizadores podem ver, editar, ou eliminar a sua informa\u00e7\u00e3o pessoal a qualquer momento (com a excep\u00e7\u00e3o de n\u00e3o poderem alterar o nome de utilizador). Os administradores do site podem tamb\u00e9m ver e editar essa informa\u00e7\u00e3o.<\/p>\r\n\r\n\r\n\r\n<h2 class=\"wp-block-heading\">Que direitos tem sobre os seus dados<\/h2>\r\n\r\n\r\n\r\n<p>Se tiver uma conta neste site, ou deixou coment\u00e1rios, pode pedir para receber um ficheiro de exporta\u00e7\u00e3o com os dados pessoais guardados sobre si, incluindo qualquer dado pessoal que indicou. Tamb\u00e9m pode solicitar que os dados guardados sejam eliminados. Isto n\u00e3o inclui qualquer dado pessoal que seja obrigat\u00f3rio manter para fins administrativos, legais ou de seguran\u00e7a.<\/p>\r\n\r\n\r\n\r\n<h2 class=\"wp-block-heading\">Para onde s\u00e3o enviados os seus dados<\/h2>\r\n\r\n\r\n\r\n<p>Os coment\u00e1rios dos visitantes podem ser verificados atrav\u00e9s de um servi\u00e7o autom\u00e1tico de detec\u00e7\u00e3o de spam.<\/p>\r\n\r\n\r\n\r\n<h2 class=\"wp-block-heading\">As suas informa\u00e7\u00f5es de contacto<\/h2>\r\n<p>Poder\u00e1 contactar-nos para esclarecimentos adicionais na p\u00e1gina <a href=\"https:\/\/ak-agueda.pt\/karate\/contactos\/\">Contactos<\/a> deste site.<\/p>\r\n\r\n\r\n\r\n<h2 class=\"wp-block-heading\">Informa\u00e7\u00f5es adicionais<\/h2>\r\n\r\n\r\n\r\n<h3 class=\"wp-block-heading\">Como s\u00e3o protegidos os seus dados<\/h3>\r\n<p>As tecnologias usadas no desenvolvimento deste site asseguram-nos o cumprimento integral do RGPD\/GDPR.<\/p>\r\n\r\n\r\n\r\n<h3 class=\"wp-block-heading\">Procedimentos previstos perante uma viola\u00e7\u00e3o de dados<\/h3>\r\n<p>No caso de uma viola\u00e7\u00e3o de dados que nos chegue ao conhecimento, ser\u00e3o cumpridas as directivas presentes na lei em vigor para assegurar o conhecimento do propriet\u00e1rio dos dados bem como as ac\u00e7\u00f5es devidas para repor na medida do poss\u00edvel a regularidade da situa\u00e7\u00e3o.<\/p>\r\n\r\n\r\n\r\n<h3 class=\"wp-block-heading\">De que terceiros recebemos dados<\/h3>\r\n<p>Este site n\u00e3o almeja a recepta\u00e7\u00e3o de dados de nenhuma esp\u00e9cie. No entanto, no decorrer das ac\u00e7\u00f5es de publica\u00e7\u00e3o de conte\u00fado e respectiva interac\u00e7\u00e3o com os utilizadores, poder\u00e3o haver dados que nos sejam transmitidos, como fotografias, cookies, etc. O tratamento destes dados \u00e9 feito de acordo com a legisla\u00e7\u00e3o em vigor.<\/p>\r\n\r\n\r\n\r\n<h3 class=\"wp-block-heading\">Integra\u00e7\u00e3o com redes sociais<\/h3>\r\n<p>Este website guarda o cookie <strong>heateorSsBrowserMsg<\/strong> no seu browser para manter registo de que visitantes j\u00e1 viram ou n\u00e3o a notifica\u00e7\u00e3o popup. Este cookie n\u00e3o est\u00e1 relacionado com dados pessoais ou endere\u00e7o IP.<\/p>\r\n<p>Recolhemos o perfil p\u00fablico de redes sociais apenas ap\u00f3s o consentimento que \u00e9 pedido ao entrar numa rede social, ou ao entrar na conta do nosso site com recurso ao login de uma rede social. Estes dados incluem o seu primeiro nome, \u00faltimo nome, endere\u00e7o de email, liga\u00e7\u00e3o ao perfil social, identificador \u00fanico e liga\u00e7\u00e3o ao avatar. Estes dados s\u00e3o usados para criar o seu perfil de utilizador no nosso site. Este consentimento poder\u00e1 ser revogado a qualquer momento enviando-nos um email.<\/p>\r\n<p>Integramos um plugin de coment\u00e1rios de Facebook para que lhe seja poss\u00edvel deixar coment\u00e1rios no nosso site atrav\u00e9s da sua conta de Facebook. Ente plugin poder\u00e1 recolher o seu endere\u00e7o IP, o seu agente de utilizador do navegador internet, armazenar e recolher cookies no seu navegador, inserir pesquisas adicionais, e monitorizar a sua interac\u00e7\u00e3o com o interface de coment\u00e1rios, incluindo correlacionar a sua conta de Facebook a qualquer ac\u00e7\u00e3o que desempenhe nesse interface (como por exemplo \u201cGostar\u201d do coment\u00e1rio de outro utilizador, responder a outros coment\u00e1rios), se estiver ligado ao Facebook. <br>Poderemos partilhar um plugin de Facebook para lhe permitir ver o n\u00famero de Gostos\/Partilhas e permitir Gostar\/Partilhar as nossas p\u00e1ginas. Este plugin poder\u00e1 recolher o seu endere\u00e7o IP, o seu agente de utilizados do navegador, armazenar e recolher cookies no seu navegador, embutir pesquisas adicionais, e monitorizar a sua interac\u00e7\u00e3o com o plugin, incluindo correlacionar a sua conta de Facebook com qualquer ac\u00e7\u00e3o que tenha executado dentro desse plugin, se estiver ligado ao Facebook.&nbsp;<br>Para mais informa\u00e7\u00e3o acerca de como estes dados poder\u00e3o ser usados, por favor verifique a pol\u00edtica de privacidade do Facebook: <a href=\"https:\/\/www.facebook.com\/about\/privacy\/update\">https:\/\/www.facebook.com\/about\/privacy\/update<\/a>.<\/p>\r\n<p>Integramos um plugin de coment\u00e1rios Disqus para que lhe seja poss\u00edvel deixar coment\u00e1rios no nosso site atrav\u00e9s do sistema de coment\u00e1rios Disqus. A Disqus poder\u00e1 recolher dados sobre si quando se regista na sua plataforma. Esses dados poder\u00e3o incluir \u201cdados de identifica\u00e7\u00e3o pessoal\u201d o que significa dados que o identifiquem a si enquanto indiv\u00edduo, tais dados poder\u00e3o incluir, mas n\u00e3o est\u00e3o limitados a, o seu nome, o seu endere\u00e7o de email, o seu n\u00famero de telefone, nome de utilizador ou identifica\u00e7\u00e3o de conta Disqus, e \u201cdados de identifica\u00e7\u00e3o n\u00e3o pessoal\u201d o que significa informa\u00e7\u00e3o que n\u00e3o o identifique a si enquanto indiv\u00edduo. Esta informa\u00e7\u00e3o pode incluir, mas n\u00e3o est\u00e1 limitada a, informa\u00e7\u00e3o sobre o seu navegador, o seu endere\u00e7o IP, identifica\u00e7\u00e3o de dispositivo, que p\u00e1ginas visita nos sites associados, de que site vem reencaminhado, em que an\u00fancios clicou, seja em sites associados, no pr\u00f3prio servi\u00e7o, ou noutros sites de terceiros, e outra informa\u00e7\u00e3o relativa \u00e0 actividade online que n\u00e3o o identifique univocamente, de acordo com as suas pol\u00edticas de protec\u00e7\u00e3o de dados: <a href=\"https:\/\/help.disqus.com\/terms-and-policies\/disqus-privacy-policy\">https:\/\/help.disqus.com\/terms-and-policies\/disqus-privacy-policy<\/a>.<\/p>\r\n<p>&nbsp;<\/p>\r\n","protected":false},"excerpt":{"rendered":"<p>Quem somos O endere\u00e7o do nosso site \u00e9: https:\/\/ak-agueda.pt Que dados pessoais s\u00e3o recolhidos e como s\u00e3o recolhidos Coment\u00e1rios Quando os visitantes deixam coment\u00e1rios no site, s\u00e3o guardados os dados presentes no formul\u00e1rio dos coment\u00e1rios, bem como o endere\u00e7o de IP e o agente do utilizador do navegador, para ajudar com a detec\u00e7\u00e3o de spam. [&hellip;]<\/p>\n","protected":false},"author":1,"featured_media":0,"parent":0,"menu_order":0,"comment_status":"closed","ping_status":"closed","template":"","meta":{"ngg_post_thumbnail":0,"footnotes":""},"class_list":["post-3","page","type-page","status-publish","hentry"],"_links":{"self":[{"href":"https:\/\/ak-agueda.pt\/karate\/wp-json\/wp\/v2\/pages\/3","targetHints":{"allow":["GET"]}}],"collection":[{"href":"https:\/\/ak-agueda.pt\/karate\/wp-json\/wp\/v2\/pages"}],"about":[{"href":"https:\/\/ak-agueda.pt\/karate\/wp-json\/wp\/v2\/types\/page"}],"author":[{"embeddable":true,"href":"https:\/\/ak-agueda.pt\/karate\/wp-json\/wp\/v2\/users\/1"}],"replies":[{"embeddable":true,"href":"https:\/\/ak-agueda.pt\/karate\/wp-json\/wp\/v2\/comments?post=3"}],"version-history":[{"count":6,"href":"https:\/\/ak-agueda.pt\/karate\/wp-json\/wp\/v2\/pages\/3\/revisions"}],"predecessor-version":[{"id":469,"href":"https:\/\/ak-agueda.pt\/karate\/wp-json\/wp\/v2\/pages\/3\/revisions\/469"}],"wp:attachment":[{"href":"https:\/\/ak-agueda.pt\/karate\/wp-json\/wp\/v2\/media?parent=3"}],"curies":[{"name":"wp","href":"https:\/\/api.w.org\/{rel}","templated":true}]}}