{"id":319,"date":"2019-03-22T01:59:35","date_gmt":"2019-03-22T01:59:35","guid":{"rendered":"https:\/\/ak-agueda.pt\/karate\/?page_id=319"},"modified":"2019-04-01T09:53:21","modified_gmt":"2019-04-01T09:53:21","slug":"apoios-3","status":"publish","type":"page","link":"https:\/\/ak-agueda.pt\/karate\/apoios-3\/","title":{"rendered":"Apoios"},"content":{"rendered":"<p><a href=\"https:\/\/www.cm-agueda.pt\" target=\"_blank\" rel=\"noopener noreferrer\"><img loading=\"lazy\" decoding=\"async\" class=\"alignnone size-full wp-image-320\" src=\"https:\/\/ak-agueda.pt\/karate\/wp-content\/uploads\/2019\/03\/logotipo_1_150_98i.png\" alt=\"\" width=\"150\" height=\"98\"><\/a><\/p>\n<p><strong>C\u00e2mara Municipal de \u00c1gueda<\/strong><br \/>\nPra\u00e7a do Munic\u00edpio<br \/>\n3754-500 \u00c1gueda<\/p>\n<p><strong>Telefone:<\/strong> +351 234 610 070<br \/>\n<strong>Fax:<\/strong> +351 234 610 078<br \/>\n<strong>E-mail:<\/strong>&nbsp;<a href=\"mailto:geral@cm-agueda.pt\">geral@cm-agueda.pt<\/a><\/p>\n<hr>\n<p><a href=\"http:\/\/www.jf-aguadadecima.pt\/\" target=\"_blank\" rel=\"noopener noreferrer\"><img loading=\"lazy\" decoding=\"async\" class=\"alignnone size-full wp-image-316\" src=\"https:\/\/ak-agueda.pt\/karate\/wp-content\/uploads\/2019\/03\/logo.png\" alt=\"\" width=\"165\" height=\"278\"><\/a><\/p>\n<p><strong>Junta de Freguesia de Aguada de Cima<\/strong><br \/>\nPra\u00e7a Santa Eul\u00e1lia, n.\u00ba 65 &#8211; Aguada de Cima<br \/>\n3750-041 Aguada de Cima<br \/>\n<span style=\"font-size: xx-small;\"><br \/>\n<\/span><strong>Telefone\/Fax:<\/strong> +351 234 667 900<span style=\"font-size: xx-small;\"><br \/>\n<\/span><strong>Email:<\/strong>&nbsp;<a href=\"mailto:geral@jf-aguadadecima.pt\">geral@jf-aguadadecima.pt<\/a><\/p>\n","protected":false},"excerpt":{"rendered":"<p>C\u00e2mara Municipal de \u00c1gueda Pra\u00e7a do Munic\u00edpio 3754-500 \u00c1gueda Telefone: +351 234 610 070 Fax: +351 234 610 078 E-mail:&nbsp;geral@cm-agueda.pt Junta de Freguesia de Aguada de Cima Pra\u00e7a Santa Eul\u00e1lia, n.\u00ba 65 &#8211; Aguada de Cima 3750-041 Aguada de Cima Telefone\/Fax: +351 234 667 900 Email:&nbsp;geral@jf-aguadadecima.pt<\/p>\n","protected":false},"author":1,"featured_media":0,"parent":0,"menu_order":0,"comment_status":"closed","ping_status":"closed","template":"","meta":{"ngg_post_thumbnail":0,"footnotes":""},"class_list":["post-319","page","type-page","status-publish","hentry"],"_links":{"self":[{"href":"https:\/\/ak-agueda.pt\/karate\/wp-json\/wp\/v2\/pages\/319","targetHints":{"allow":["GET"]}}],"collection":[{"href":"https:\/\/ak-agueda.pt\/karate\/wp-json\/wp\/v2\/pages"}],"about":[{"href":"https:\/\/ak-agueda.pt\/karate\/wp-json\/wp\/v2\/types\/page"}],"author":[{"embeddable":true,"href":"https:\/\/ak-agueda.pt\/karate\/wp-json\/wp\/v2\/users\/1"}],"replies":[{"embeddable":true,"href":"https:\/\/ak-agueda.pt\/karate\/wp-json\/wp\/v2\/comments?post=319"}],"version-history":[{"count":1,"href":"https:\/\/ak-agueda.pt\/karate\/wp-json\/wp\/v2\/pages\/319\/revisions"}],"predecessor-version":[{"id":321,"href":"https:\/\/ak-agueda.pt\/karate\/wp-json\/wp\/v2\/pages\/319\/revisions\/321"}],"wp:attachment":[{"href":"https:\/\/ak-agueda.pt\/karate\/wp-json\/wp\/v2\/media?parent=319"}],"curies":[{"name":"wp","href":"https:\/\/api.w.org\/{rel}","templated":true}]}}